e remainder when 1069669 is divided by 49.
48
Calculate the remainder when 128186 is divided by 9110.
646
What is the remainder when 551076 is divided by 137706?
252
Calculate the remainder when 130200 is divided by 31922.
2512
Calculate the remainder when 34609 is divided by 688.
209
What is the remainder when 1708717 is divided by 6373?
753
Calculate the remainder when 7734104 is divided by 280.
224
What is the remainder when 96137 is divided by 23921?
453
What is the remainder when 7504869 is divided by 16386?
81
Calculate the remainder when 1020048 is divided by 41.
9
Calculate the remainder when 9572796 is divided by 16308.
0
What is the remainder when 18751 is divided by 511?
355
What is the remainder when 2663953 is divided by 2273?
2270
What is the remainder when 15537551 is divided by 286?
29
What is the remainder when 557933 is divided by 394?
29
Calculate the remainder when 205090 is divided by 25593.
346
Calculate the remainder when 11171436 is divided by 2511.
2508
What is the remainder when 5321541 is divided by 591282?
3
What is the remainder when 54389 is divided by 3381?
293
Calculate the remainder when 44645265 is divided by 57.
15
Calculate the remainder when 8003063 is divided by 7.
5
Calculate the remainder when 2266569 is divided by 2461.
2449
What is the remainder when 1903904461 is divided by 1826?
1823
Calculate the remainder when 11805728 is divided by 200097.
5
Calculate the remainder when 464603 is divided by 2102.
61
Calculate the remainder when 120009638 is divided by 5371.
14
What is the remainder when 4656191 is divided by 63?
50
Calculate the remainder when 60000814 is divided by 3792.
3790
Calculate the remainder when 3163327 is divided by 698.
689
What is the remainder when 186149 is divided by 23238?
245
Calculate the remainder when 11741401 is divided by 65230.
1
What is the remainder when 10617414 is divided by 23031?
123
What is the remainder when 11893 is divided by 1465?
173
What is the remainder when 411001 is divided by 17125?
1
Calculate the remainder when 3857274 is divided by 133008.
42
Calculate the remainder when 158172633 is divided by 4867.
0
What is the remainder when 101368 is divided by 140?
8
What is the remainder when 565427 is divided by 6494?
449
Calculate the remainder when 4495460 is divided by 43645.
25
What is the remainder when 505137 is divided by 5871?
231
Calculate the remainder when 36141 is divided by 12045.
6
What is the remainder when 17789820 is divided by 463?
434
Calculate the remainder when 317608 is divided by 104.
96
Calculate the remainder when 2598945 is divided by 1299467.
11
Calculate the remainder when 13086765 is divided by 17449.
15
What is the remainder when 774715 is divided by 720?
715
Calculate the remainder when 1352595 is divided by 543.
525
What is the remainder when 713497 is divided by 356739?
19
What is the remainder when 26623000 is divided by 5512?
40
Calculate the remainder when 76076683 is divided by 135.
133
Calculate the remainder when 26542 is divided by 8247.
1801
What is the remainder when 53682 is divided by 4382?
1098
What is the remainder when 1265465 is divided by 991?
949
Calculate the remainder when 1084458 is divided by 10325.
333
What is the remainder when 2473251 is divided by 3212?
11
What is the remainder when 158663 is divided by 7176?
791
Calculate the remainder when 1541618 is divided by 308310.
68
What is the remainder when 1912860 is divided by 1912794?
66
What is the remainder when 3240734 is divided by 1620366?
2
Calculate the remainder when 21431500 is divided by 1260676.
8
What is the remainder when 1336714 is divided by 784?
778
What is the remainder when 466640 is divided by 1672?
152
What is the remainder when 1295705 is divided by 666?
335
Calculate the remainder when 1337840 is divided by 333060.
5600
Calculate the remainder when 18629316 is divided by 79.
10
Calculate the remainder when 2176052 is divided by 267.
2
What is the remainder when 1152462 is divided by 76?
74
What is the remainder when 131661 is divided by 32485?
1721
What is the remainder when 91861511 is divided by 4409?
4405
Calculate the remainder when 49959340 is divided by 2329.
2290
Calculate the remainder when 13533659 is divided by 69.
68
What is the remainder when 130990 is divided by 7976?
3374
What is the remainder when 49547 is divided by 9895?
72
What is the remainder when 212672 is divided by 26559?
200
What is the remainder when 232396 is divided by 19564?
17192
Calculate the remainder when 444633 is divided by 39.
33
What is the remainder when 13209 is divided by 154?
119
Calculate the remainder when 555273486 is divided by 1519.
1517
Calculate the remainder when 267238 is divided by 16598.
1670
What is the remainder when 17734520 is divided by 26?
24
What is the remainder when 453455 is divided by 42?
23
What is the remainder when 370328908 is divided by 23?
20
What is the remainder when 15549686 is divided by 36331?
18
What is the remainder when 1280775 is divided by 794?
53
What is the remainder when 7190931 is divided by 1879?
1877
What is the remainder when 106646 is divided by 17771?
20
What is the remainder when 19481909 is divided by 2742?
2741
Calculate the remainder when 91348 is divided by 7392.
2644
Calculate the remainder when 11166382 is divided by 507562.
18
What is the remainder when 1018997 is divided by 305?
297
Calculate the remainder when 27730360 is divided by 93.
85
What is the remainder when 469235 is divided by 39102?
11
Calculate the remainder when 7670221 is divided by 442.
195
Calculate the remainder when 11577022 is divided by 15.
7
Calculate the remainder when 3044908 is divided by 3044897.
11
Calculate the remainder when 48488849 is divided by 1310509.
16
Calculate the remainder when 52578652 is divided by 26.
22
Calculate the remainder when 1550154 is divided by 7312.
10
Calculate the remainder when 11336 is divided by 3398.
1142
Calculate the remainder when 3193337 is divided by 1134.
1127
Calculate the remainder when 29713142 is divided by 2.
0
What is the remainder when 1127189 is divided by 246?
17
What is the remainder when 39682314 is divided by 215?
194
Calculate the remainder when 200909 is divided by 24586.
4221
Calculate the remainder when 335664 is divided by 12013.
11313
What is the remainder when 38684096 is divided by 51?
35
Calculate the remainder when 50902600 is divided by 548.
524
What is the remainder when 5729 is divided by 2861?
7
What is the remainder when 1079294 is divided by 399?
398
What is the remainder when 86425 is divided by 695?
245
What is the remainder when 1516 is divided by 1108?
408
Calculate the remainder when 363447 is divided by 1549.
981
What is the remainder when 2163767 is divided by 17?
7
Calculate the remainder when 164509 is divided by 331.
2
Calculate the remainder when 25278 is divided by 25178.
100
Calculate the remainder when 4773686 is divided by 795560.
326
What is the remainder when 381997 is divided by 210?
7
What is the remainder when 1439667 is divided by 2696?
3
Calculate the remainder when 206563 is divided by 4210.
273
What is the remainder when 4750983 is divided by 296934?
39
What is the remainder when 1168865 is divided by 245?
215
What is the remainder when 3021015 is divided by 3020883?
132
Calculate the remainder when 382981 is divided by 76496.
501
What is the remainder when 1108288 is divided by 60?
28
What is the remainder when 34007406 is divided by 369?
366
What is the remainder when 88479839 is divided by 63?
56
What is the remainder when 35528 is divided by 35179?
349
What is the remainder when 48253171 is divided by 527?
524
What is the remainder when 39901425 is divided by 319211?
50
What is the remainder when 506863 is divided by 1785?
1708
What is the remainder when 3404785 is divided by 43651?
7
What is the remainder when 96416 is divided by 373?
182
Calculate the remainder when 111872 is divided by 37253.
113
Calculate the remainder when 6821 is divided by 1181.
916
Calculate the remainder when 292607542 is divided by 24.
22
What is the remainder when 1565 is divided by 163?
98
What is the remainder when 88634 is divided by 22141?
70
What is the remainder when 110018 is divided by 2683?
15
Calculate the remainder when 1610640 is d